e 6, what is 11424 - -5?
11433
In base 12, what is -70 + -2?
-72
In base 3, what is -1201 + -10100?
-12001
In base 4, what is -1120 - -2?
-1112
In base 6, what is 231 - 5?
222
In base 12, what is -16 + -7?
-21
In base 2, what is 11 - 101111000?
-101110101
In base 14, what is 3 - -2?
5
In base 16, what is 3 + -a?
-7
In base 5, what is 301 + -10?
241
In base 11, what is 2 + 190?
192
In base 3, what is 10 + -101?
-21
In base 5, what is 301 - -1104?
1410
In base 11, what is 1271 + 3?
1274
In base 10, what is -12 - -365?
353
In base 13, what is -b - 1b?
-29
In base 2, what is -10 + -1110100001?
-1110100011
In base 10, what is 129 + 3?
132
In base 11, what is -42 - -165?
123
In base 3, what is 10012202 + 1?
10012210
In base 3, what is 11200 - 11?
11112
In base 11, what is -4 - 4312?
-4316
In base 11, what is 23 + -15?
9
In base 4, what is 10 - -32?
102
In base 5, what is 30 + -10?
20
In base 9, what is 2 - -104?
106
In base 14, what is -5 + -2c6?
-2cb
In base 10, what is -5 + -36?
-41
In base 13, what is -3 + 451?
44b
In base 9, what is 0 + -176?
-176
In base 9, what is 2120 + 5?
2125
In base 6, what is 2 - 3120?
-3114
In base 14, what is 119 + -1?
118
In base 5, what is 31 - -100?
131
In base 12, what is -5 + -251?
-256
In base 2, what is -110111 - 110?
-111101
In base 3, what is 12 - 1202010?
-1201221
In base 15, what is -90 + 5?
-8a
In base 5, what is -40 - 10411?
-11001
In base 7, what is 1 - -55?
56
In base 3, what is -222 + 12?
-210
In base 8, what is 102 - -2?
104
In base 13, what is -2985 - 1?
-2986
In base 8, what is -667 - 5?
-674
In base 16, what is 6a + 80?
ea
In base 6, what is -5 + -1445?
-1454
In base 14, what is -43 + 6?
-3b
In base 13, what is -3 + 11?
b
In base 11, what is 7 + -3?
4
In base 6, what is 2 + 123?
125
In base 14, what is -2 + 29?
27
In base 7, what is -253 + -1?
-254
In base 10, what is 89 + -4?
85
In base 11, what is 1 - -12a?
130
In base 7, what is 4 - 11?
-4
In base 10, what is 119 - -32?
151
In base 7, what is -20 - -261?
241
In base 14, what is 30 + 5?
35
In base 14, what is -33 - 12?
-45
In base 7, what is -63 - 45?
-141
In base 13, what is -43 + 4?
-3c
In base 4, what is 10002 + -11?
3331
In base 16, what is -5 + -7d7?
-7dc
In base 13, what is -12 - 10?
-22
In base 7, what is -535 - -3?
-532
In base 10, what is 1731 - 1?
1730
In base 11, what is -4 + 1201?
11a8
In base 3, what is 1001 + -10112?
-2111
In base 5, what is 41 + 2?
43
In base 11, what is -7aa - 0?
-7aa
In base 2, what is -11010111 + 10?
-11010101
In base 14, what is 5 - -b19?
b20
In base 16, what is 5 + -96?
-91
In base 2, what is 1110100000 + -101?
1110011011
In base 2, what is 1110 - -111011?
1001001
In base 15, what is -10 + -2b?
-3b
In base 14, what is 3d + d9?
138
In base 12, what is -3 + 98?
95
In base 6, what is -1 - -53?
52
In base 4, what is -20033 + -11?
-20110
In base 8, what is -15 - 2255?
-2272
In base 8, what is 4124 - -5?
4131
In base 15, what is 151d + -5?
1518
In base 14, what is 2 + -144?
-142
In base 12, what is 10620 + 4?
10624
In base 2, what is -11011101000000 - 100?
-11011101000100
In base 4, what is 112020 + 0?
112020
In base 13, what is c38 - 1?
c37
In base 6, what is -533 + 530?
-3
In base 10, what is 143 - -4?
147
In base 2, what is 100101011 - 11?
100101000
In base 2, what is -100110101000 + -101?
-100110101101
In base 12, what is -3 + 148?
145
In base 9, what is -2 + -4663?
-4665
In base 11, what is 4 + -6a8?
-6a4
In base 14, what is -8 + 51?
47
In base 10, what is -2294 - 1?
-2295
In base 5, what is 1 + 3133?
3134
In base 15, what is -60 - -3?
-5c
In base 10, what is -10 - -5?
-5
In base 2, what is -1010 + -1100?
-10110
In base 15, what is -6c - -4?
-68
In base 13, what is 1b - -19?
37
In base 7, what is -2 - 225?
-230
In base 13, what is 3 + 0?
3
In base 2, what is -1010011 - -11?
-1010000
In base 7, what is -1241 + -5?
-1246
In base 4, what is 210 - -11?
221
In base 8, what is 211 - -5?
216
In base 6, what is -1143 + 0?
-1143
In base 6, what is 1155 - -3?
1202
In base 7, what is 1305 + -2?
1303
In base 11, what is 5 + 2111?
2116
In base 5, what is 2311 + -33?
2223
In base 13, what is 1b3c - 5?
1b37
In base 16, what is 0 - -44?
44
In base 6, what is 12 + -3?
5
In base 2, what is 10 - 1101010000?
-1101001110
In base 4, what is -3 - 331330?
-331333
In base 6, what is 0 - -1001?
1001
In base 16, what is 2141 - 0?
2141
In base 8, what is 167 - -1?
170
In base 9, what is 100 - -3?
103
In base 15, what is 8d + 9?
97
In base 2, what is 11 + 1011001001?
1011001100
In base 13, what is 1 - -119?
11a
In base 14, what is 7 + -b?
-4
In base 5, what is 1 + -103104?
-103103
In base 5, what is 4 + -312?
-303
In base 10, what is 0 - -1497?
1497
In base 15, what is 4 - -4b?
50
In base 13, what is -13 + c?
-4
In base 4, what is 2233 + -10?
2223
In base 8, what is -7652 - 2?
-7654
In base 7, what is -4 + -262?
-266
In base 7, what is -253 + 4?
-246
In base 7, what is 132 - -104?
236
In base 11, what is -3 - 20?
-23
In base 11, what is -330 + 4?
-327
In base 14, what is 0 + -7c2?
-7c2
In base 16, what is 1 - 48?
-47
In base 9, what is -3174 - 5?
-3180
In base 11, what is a0 - 0?
a0
In base 12, what is -28 - -72?
46
In base 2, what is -110 - -110100?
101110
In base 15, what is -4 - -3?
-1
In base 2, what is 11 + 1001101?
1010000
In base 11, what is -84 - -5?
-7a
In base 13, what is 2 - 244?
-242
In base 12, what is -6 - 931?
-937
In base 14, what is 3 - -12?
15
In base 9, what is 355 + 4?
360
In base 10, what is -411 + 39?
-372
In base 7, what is 43 + -32?
11
In base 9, what is 0 + 455?
455
In base 7, what is 15 + -101?
-53
In base 4, what is 33133 + -13?
33120
In base 5, what is 4031 - -312?
4343
In base 8, what is -5 + 103?
76
In base 2, what is -11 + -11111000?
-11111011
In base 6, what is -54 + 404?
310
In base 7, what is -1262 - -1?
-1261
In base 13, what is -b8 + -5?
-c0
In base 6, what is 5 - -2?
11
In base 12, what is -389 - -3?
-386
In base 6, what is 2202 - 0?
2202
In base 14, what is -3c + -6b?
-a9
In base 15, what is 18 + -19?
-1
In base 8, what is 17 - -1?
20
In base 11, what is -2 - -1425?
1423
In base 10, what is -1304 + -4?
-1308
In base 10, what is -1776 + 5?
-1771
In base 2, what is -11 + -110011011001?
-110011011100
In base 11, what is -6 + -99?
-a4
In base 15, what is -3 + 13?
10
In base 3, what is -11 - -1212?
1201
In base 11, what is 13 + 10?
23
In base 16, what is 3 + c29?
c2c
In base 14, what is -5 + -24?
-29
In base 11, what is -4788 - -2?
-4786
In base 4, what is -122 + 1?
-121
In base 6, what is -4 - 110?
-114
In base 13, what is -4a1 - 1?
-4a2
In base 10, what is 13 + -3?
10
In base 14, what is 55 + 5?
5a
In base 13, what is 5a9 - 1?
5a8
In base 15, what is 1 + -b6?
-b5
In base 4, what is 0 + 3001?
3001
In base 4, what is -10231 + 10?
-10221
In base 9, what is -5 + -126?
-132
In base 16, what is 681 - 5?
67c
In base 6, what is -250 - 2?
-252
In base 5, what is 10 + 2?
12
In base 6, what is -2520 - -5?
-2511
In base 2, what is -10000001 + 1?
-10000000
In base 16, what is 59d - -5?
5a2
In base 11, what is -308 - 1?
-309
In base 13, what is -101 - 3?
-104
In base 9, what is -82 - -7?
-74
In base 7, what is -3 - 534?
-540
In base 9, what is 108 - -22?
131
In base 2, what is 101000 + -10?
100110
In base 9, what is 54 + 1?
55
In base 14, what is -60a + -7?
-613
In base 3, what is -2 - -10201110?
10201101
In base 10, what is -1374 - -5?
-1369
In base 15, what is 4 - 39?
-35
In base 7, what is 31 - 11?
20
In base 8, what is -7 + -61?
-70
In base 3, what is -102 + 101002?
100200
In base 12, what is -19a + -32?
-210
In base 16, what is -2ba - 30?
-2ea
In base 16, what is -1 - 7?
-8
In base 5, what is 12002 - 3?
11444
In base 9, what is 232 - 1?
231
In base 2, what is 11111000000 - -100?
11111000100
In base 10, what is -956 + 5?
-951
In base 15, what is -21 - -4?
-1c
In base 11, what is 6 - -237?
242
In base 14, what is 4 + -8?
-4
In base 6, what is -2350 - 35?
-2425
In base 16, what is -a74 + 6?
-a6e
In base 6, what is -51 + -5?
-100
In base 7, what is -1466 + -6?
-1505
In base 16, what is -5 - 336?
-33b
In base 11, what is 1762a - 1?
17629
In base 14, what is -4db - 5?
-502
In base 6, what is -11 + 254?
243
In base 8, what is 12465 - -1?
12466
In base 7, what is -4 - 556?
-563
In base 5, what is 10020 + -10?
10010
In 